{"id":34,"date":"2020-06-01T14:20:20","date_gmt":"2020-06-01T14:20:20","guid":{"rendered":"https:\/\/ttc-utzenstorf.ch\/?page_id=34"},"modified":"2026-01-12T08:03:23","modified_gmt":"2026-01-12T08:03:23","slug":"startseite","status":"publish","type":"page","link":"https:\/\/ttc-utzenstorf.ch\/","title":{"rendered":"Startseite"},"content":{"rendered":"<p style=\"text-align: center;\"><strong>H\u00e4rzlech Wiukomme uf der Website vom TTC Utzenstorf<\/strong><\/p>\n<p style=\"text-align: center;\">Wir sind ein kleiner Tischtennisclub im sch\u00f6nen Utzenstorf, zwischen Burgdorf und Solothurn liegend.<\/p>\n<p style=\"text-align: center;\">Wir geh\u00f6ren dem Mittell\u00e4ndischen Tischtennisverband (MTTV) an, in welchem wir j\u00e4hrlich die Meisterschaft bestreiten.<\/p>\n<p style=\"text-align: center;\">F\u00fcr uns alle ist Tischtennis ein Hobby was wir gerne gemeinsam aus\u00fcben. Ob in den Trainings, w\u00e4hrend den Meisterschaftsspielen oder bei geselligen Stunden, abseits des Tischtennis, genie\u00dfen wir die Zeit unter uns!<\/p>\n<p style=\"text-align: center;\">Werde auch du Teil des TTC Utzenstorf und schau unverbindlich bei uns vorbei!<\/p>\n<p>&nbsp;<\/p>\n","protected":false},"excerpt":{"rendered":"<p>H\u00e4rzlech Wiukomme uf der Website vom TTC Utzenstorf Wir sind ein kleiner Tischtennisclub im sch\u00f6nen Utzenstorf, zwischen Burgdorf und Solothurn liegend. Wir geh\u00f6ren dem Mittell\u00e4ndischen Tischtennisverband (MTTV) an, in welchem wir j\u00e4hrlich die Meisterschaft bestreiten. F\u00fcr uns alle ist Tischtennis ein Hobby was wir gerne gemeinsam aus\u00fcben. Ob in den [&hellip;]<\/p>\n","protected":false},"author":1,"featured_media":681,"parent":0,"menu_order":0,"comment_status":"closed","ping_status":"closed","template":"","meta":{"footnotes":""},"class_list":["post-34","page","type-page","status-publish","has-post-thumbnail","hentry"],"_links":{"self":[{"href":"https:\/\/ttc-utzenstorf.ch\/index.php?rest_route=\/wp\/v2\/pages\/34"}],"collection":[{"href":"https:\/\/ttc-utzenstorf.ch\/index.php?rest_route=\/wp\/v2\/pages"}],"about":[{"href":"https:\/\/ttc-utzenstorf.ch\/index.php?rest_route=\/wp\/v2\/types\/page"}],"author":[{"embeddable":true,"href":"https:\/\/ttc-utzenstorf.ch\/index.php?rest_route=\/wp\/v2\/users\/1"}],"replies":[{"embeddable":true,"href":"https:\/\/ttc-utzenstorf.ch\/index.php?rest_route=%2Fwp%2Fv2%2Fcomments&post=34"}],"version-history":[{"count":7,"href":"https:\/\/ttc-utzenstorf.ch\/index.php?rest_route=\/wp\/v2\/pages\/34\/revisions"}],"predecessor-version":[{"id":658,"href":"https:\/\/ttc-utzenstorf.ch\/index.php?rest_route=\/wp\/v2\/pages\/34\/revisions\/658"}],"wp:featuredmedia":[{"embeddable":true,"href":"https:\/\/ttc-utzenstorf.ch\/index.php?rest_route=\/wp\/v2\/media\/681"}],"wp:attachment":[{"href":"https:\/\/ttc-utzenstorf.ch\/index.php?rest_route=%2Fwp%2Fv2%2Fmedia&parent=34"}],"curies":[{"name":"wp","href":"https:\/\/api.w.org\/{rel}","templated":true}]}}